e (0 - 15) + 152 + -143.
-6
(-48 - (3 + -18)) + 34
1
What is the value of -11 - (-13 + -6 + 2 + 6)?
0
Evaluate 3 - 1 - (1 + -3 + (6 - -4)).
-6
10 + ((-8 - 13) + -1 - -6)
-6
What is the value of 0 + 6 - 0 - (-9 + 15) - -2?
2
(9 - (-11 - -26)) + -6 - 6
-18
Evaluate (-61 - (-22 + -72)) + 0 + -15.
18
Evaluate -1 + 1 + (-71 - -67).
-4
Calculate -16 + -3 + (-8 - 1) - -9.
-19
Evaluate 179 + -200 + (5 - 0).
-16
What is the value of -11 + (-1 + 27 - (-121 - -132) - 5)?
-1
What is (3 - 0 - (6 - -22 - 21)) + -17?
-21
What is (-5 - -11) + (-2 - 11) + -10 + 1?
-16
What is -10 - (-1 + 2) - ((1 - -5) + -46)?
29
14 + -7 + -6 + 2 + 3 + -22
-16
3 - (-8 + -8) - 14 - (0 + 17)
-12
What is (-11 + 7 - -11) + -5 + -7?
-5
What is 5 - 11 - 12 - (96 - 110)?
-4
Calculate (5 - (17 - (15 - 8))) + -1.
-6
16 - (23 - 1) - 8
-14
Calculate -5 - 1 - (-32 + 14 + 10) - -1.
3
1 + -22 + (-7 - -34 - 26) + -6
-26
-10 - ((11 - 33) + 6) - -1
7
What is the value of 3 + -30 + (-89 - -84)?
-32
What is -2 + (5 - 4) - ((-2 - -6) + -3)?
-2
What is (25 + -39 - -21) + -11?
-4
20 - (0 + (0 - -10) + -4)
14
Calculate -7 - 30 - (-40 + 19).
-16
Evaluate 0 - ((5 + -8 - 4) + 2 + 9).
-4
Evaluate 20 + -9 - ((-3 - -9 - -1) + -3).
7
3 + -16 + -1 + 6 + 15
7
Calculate (9 - (-4 + 3 - (-11 + 1))) + 0.
0
19 + (18 - (26 - -21))
-10
Calculate 7 + -4 + -2 - (8 - 0).
-7
What is (95 - 86) + 1 + -9 + 4 + -5?
0
Calculate (1 - -23) + (22 - (15 - -14)).
17
2 + -2 + (-15 - -5 - -5) - -12
7
Evaluate 8 - 5 - (-4 + 7 + 8).
-8
What is 10 - (-6 - (-2 + -12))?
2
Calculate 31 - 36 - (6 - -1) - -7.
-5
What is 20 - (-2 + 4 + 1 + 4 + -4)?
17
-1 + 28 + -1 + -8 + -5
13
-7 - (-1 - (14 + -12))
-4
Calculate 1 + 13 - (2 + 1).
11
What is the value of 24 + -12 - (1 - 7)?
18
(-14 - -10 - 4) + 13
5
Evaluate -16 - (5 - 11) - 2.
-12
Calculate -4 + 2 + -6 + (4 - 0) + -5.
-9
What is (2 - (12 + -22)) + -7?
5
Calculate 7 + 1 - (-532 - -551).
-11
What is the value of 0 + -1 + 1 + -2570 + 2600?
30
What is the value of -1 + 5 - (17 - (48 - 24 - 16))?
-5
-5 + (21 - ((10 - 2) + 1))
7
Evaluate 5 + (-10 - 5) + -19 + 3.
-26
Evaluate -1 + 3 + -5 + -4 + (-3 - -23).
13
Evaluate (-6 - (15 + -27)) + 9.
15
What is 0 - ((-7 - 2) + 3 + 16 + -23)?
13
What is the value of 13 + -14 + (10 - 3) + -14 + 2?
-6
What is the value of 4 - (-2 + -4 - (10 + -2 - 18))?
0
7 + 2 - (416 - 416)
9
Evaluate 2 + -14 - (67 + -78).
-1
What is the value of 29 + -6 + -11 + -26?
-14
What is 10 + -8 + 6 + -24 + 1?
-15
What is the value of 0 - (-30 - -29 - 9)?
10
Calculate -6 + 1 - -17 - 6 - -1.
7
Evaluate -5 - (-4 + 7 + -20 + (0 - -2)).
10
Evaluate 2 + -5 + (0 - -4).
1
Calculate 1 + 6 + (-4 - (5 - (10 - 7))).
1
What is the value of -45 - (-65 + 1) - (2 - -15)?
2
Calculate 5 - (20 - (13 - -1)).
-1
-1 - (-3 - (12 - 28)) - -28
14
What is 110 + -101 + (0 - (2 + 5))?
2
Evaluate (20 - (38 - 12)) + (12 - 2).
4
Evaluate -15 + (21 - 9) + -3 + 22.
16
(-4 + 11 - 8) + -2 - (-11 + 1)
7
What is -5 + ((-2 - -4) + 10 + -16 - 2)?
-11
What is the value of (-6 - -3 - (6 - 0)) + 4 - -12?
7
Evaluate (-6 - -2) + 2 - (-7 - 2).
7
-4 + -2 - (-1 + -3)
-2
1 + -7 - (-6 + (1 - 8) - -11)
-4
Calculate -80 + 76 - (-9 + (-2 - (3 + -7))).
3
What is the value of -3 + 9 + -7 + (22 - 13) - -26?
34
Calculate 5 + -14 + (6 - (1 + 6)).
-10
-2 + 35 + (2 + 5 - 35) + 18
23
What is the value of (9 - (16 + -11) - (4 - 1)) + -2?
-1
Calculate 8 - (0 - 6 - (1 + 10 - 15)).
10
380 + -377 + (-3 - -5 - 28)
-23
What is 1 + 9 - (108 + -82)?
-16
What is the value of -38 + 3 + -4 - (-304 + 288)?
-23
What is (7 + -10 - (-12 + 8)) + -4?
-3
What is 84 - 109 - (-3 + -44)?
22
What is (-4 - -9 - (-3 + 1 + 10)) + 1?
-2
(-25 - (5 + -23)) + 22
15
Evaluate (127 - 102) + 4 + -20.
9
Evaluate 1 + -44 - -116 - 31.
42
What is the value of -7 - (26 + (-9 - 9))?
-15
What is the value of (0 - 1) + 4 - (2756 + -2758)?
5
What is the value of (11 - 28) + (11 - 3) - 3 - -8?
-4
Calculate (-2 - 7) + 2 - (2 - (-4 + 8)).
-5
Evaluate 9 + -2 - (8 + 1 + -13).
11
Calculate -8 + -8 + 20 - 14.
-10
Calculate (-33 - -18 - -5) + -2 + -1 + -1.
-14
(-1 - (-4 - -11)) + 7 + 0 + 17
16
Evaluate (67 - 70) + (-1 + 3 - -2).
1
What is 15 - (-2 - -7) - (-14 - -19)?
5
-5 + 4 - (-3 + 0) - 6 - -7
3
-14 + 23 + 36 + -51
-6
What is the value of 1 + 8 + -1 - (-2 + -4 + -1)?
15
Evaluate (1 - 1) + (9 - (4 - -6 - -5)).
-6
What is the value of (1 - -3) + 0 + 13 + -35 + 23?
5
Evaluate (-25 - -1) + (-16 - -36) + (-1 - 27).
-32
Evaluate 47 - (39 + -23 + 5).
26
Calculate 1 + -10 + 2 - (-34 - -18).
9
What is (12 - 22) + 9 + (-1 - -4) + -16?
-14
Calculate -9 + -4 + 3 + 6 + -8 + 5.
-7
What is the value of -6 + (-12 - (16 - 30))?
-4
Calculate (-8 - 6) + 11 + (-6 - 6).
-15
Calculate -5 + 37 + -32 + 0 + 0 + -1.
-1
Calculate 0 + -1 + (-20 - -5 - (-106 + 74)).
16
What is 137 + -138 + -1 + -19?
-21
What is (-634 - -665) + (0 - 11)?
20
-24 - (-8 + 14 - (-1 + 10) - -6)
-27
1 - ((-7 - 0 - (-45 + 37)) + 2)
-2
What is the value of 0 + -3 + (20 - (60 - 57))?
14
55 + -37 + -27 - (1 + 4)
-14
Evaluate 20 + (10 - 24) + 15 + 2 + -3.
20
Evaluate (-117 - -121) + (-3 - -2 - 3).
0
Evaluate -2361 + 2384 + (5 - 1).
27
Calculate -5 - 5 - (3 + -18) - 11.
-6
Calculate -10 - (-7 - (8 - -6)).
11
Calculate (1 - -4) + 0 + -8 + 14.
11
What is the value of -16 + -31 + 28 + -8?
-27
What is the value of 10 - (-9 - (-22 - -2) - 17)?
16
What is the value of 7 + 2 + -11 + 9 - (6 - 1)?
2
Calculate -5 + (-50 + 47 - (2 + -2)) + -3.
-11
Evaluate -1 - -32 - (-2932 + 2937).
26
Evaluate -6 - (16 - (0 + 20)) - (-29 - 0).
27
What is the value of 28 - -10 - -5 - 37?
6
Calculate 11 + (27 - -14) - 28.
24
What is the value of -29 - -48 - (9 - 1)?
11
Evaluate (-4 - -8 - -8 - 9) + -22 + -8.
-27
Evaluate 42 + (-3 - (21 - -4)).
14
What is -26 - -37 - 17 - 15?
-21
Calculate (-1 + -7 - 1) + 4.
-5
What is the value of (9 - 4 - 8 - 0) + -8 + 5?
-6
16 - ((10 - (-11 - 0)) + -10)
5
(-1 - (3 + -1 + 7)) + (14 - 9)
-5
Calculate -30 + (21 - (-2 - -17 - 5)).
-19
Evaluate -3 + 1 - (-29 + 30) - -9.
6
What is -23 + 3 + (9 - (15 - 6))?
-20
Calculate 9 + (5 + -34 - (-3 - 9)).
-8
10 + -2 + 6 + 9 + -25
-2
Calculate (-6 - 14) + (3 - -3) - -43.
29
Calculate (-3 - (0 + -4)) + -19 - (-43 - -48).
-23
What is the value of -212 + 209 - (12 - 0)?
-15
-2 - 0 - (3 + (0 - (0 - 1)))
-6
What is 3 + (1 - 1) - (7 + (4 - 5))?
-3
Evaluate (-11 + (2 - 3) - -4) + -6.
-14
-9 - -47 - 9 - (14 + -11)
26
5 + (5 - 18) + 5 + -11
-14
What is the value of (6 - 13 - 1) + -26?
-34
Evaluate 17 + (-12 - 2) + -16 + -6.
-19
What is the value of 20 + (-3 - -8) + -15 + -3 + -19?
-12
Evaluate (41 - -5 - (51 - 26)) + -1 + -9.
11
What is -30 - (-22 + 10 + (11 - 4))?
-25
What is the value of -55 + 20 - -47 - (2 + 1)?
9
What is 4 - -2 - (6 + -9)?
9
(2 - -3) + -4 + (8 - 0)
9
Evaluate -4 + 4 - -12 - (-4 + 20).
-4
What is the value of (-3 - -8) + (-5 - -11) + (-3 - -9)?
17
Evaluate (2 + -1 - -4 - -5) + (-1 - 3).
6
-7 + ((-2 - -17) + -6 - (-3 + 9))
-4
What is 67 + -58 - (13 - 0)?
-4
What is -2 + 2 - 2 - 11?
-13
13 + 0 + -8 + 1 + -1 + -7
-2
What is 62 + -46 + -21 + -1?
-6
What is the value of (0 - 0) + (22 + -12 - 5)?
5
Calculate (1 - (-39 - -32)) + 8 + 2.
18
What is the value of (0 - 18) + (126 - 120)?
-12
What is the value of -21 + (-29 - (-10 + -45))?
5
Calculate (-43 - -54) + (-6 - (0 - -1)).
4
2 - (-5 - 2) - (4 + 3) - 2
0
What is (6 - -9) + -7 + (-11 - -4 - -8)?
9
What is (3 - (0 + 2)) + -58 + 57?
0
5 - (15 + -8 + (0 - 9))
7
Calculate (1 - 5) + -45 + 68.
19
What is -15 + (8 - -2) + -10 + (0 - 0)?
-15
Evaluate (-2 + 26 - -3) + -18 + -8.
1
What is -1 + -13 + -17 + 4 + 18 + -5?
-14
3242 + -3210 - (1 + (0 + 0 - 4))
35
Evaluate (-3 - (1 - -1)) + -341 + 332.
-14
Calculate 11 + (1 - (-11 + 11 + 11)).
1
What is -9 - (4 - (-8 - (-9 - 16)))?
4
What is -4 + (2 - (-1 + -8 - -7)) + -16?
-16
21 + -1 - (210 + -188)
-2
18 - (29 - 14 - 6)
9
Calculate 56 + (31 - 102) + 0 + -3.
-18
What is the value of 13 - 0 - (-33 - -37)?
9
Calculate 10 + (-9 - (-12 + 9 - (3 + -4))).
3
-1 + 5 + 157 + -163
-2
13 - 26 - (5 - 9)
-9
-2 + (7 - (4 + 0)) - (-10 + 4)
7
Evaluate (-5 - (31 - 15)) + 8 - 15.
-28
What is 0 - 6 - (32 + -31) - -1?
-6
What is the value of (7 - 5) + 7 - 17?
-8
(-2 - 1) + 4 + -4 + 9
6
((13 - 8) + -13 - (1 + -6)) + 6
3
-37 + (46 - 27 - (0 - -2))
-20
What is 14 + -6 + (-19 - 2) + 5?
-8
What is the value of (-570 - -568) + (2 + -1 - 